{"id":107,"date":"2016-08-17T17:34:56","date_gmt":"2016-08-17T16:34:56","guid":{"rendered":"http:\/\/192.168.1.49\/wordpress\/?page_id=107"},"modified":"2026-02-11T10:51:46","modified_gmt":"2026-02-11T09:51:46","slug":"inscriptions","status":"publish","type":"page","link":"https:\/\/asso.bambineauvendome.fr\/wordpress\/inscriptions\/","title":{"rendered":"Inscriptions &#038; tarifs"},"content":{"rendered":"\n<h2 class=\"has-text-align-center\">Saison 2025 &#8211; 2026<\/span><\/h2>\n\n\n\n<p class=\"has-text-align-left\"><strong>Inscriptions possibles en cours d&rsquo;ann\u00e9e \u00e0 tarif d\u00e9gressif, le formulaire d&rsquo;adh\u00e9sion sera mise \u00e0 jour p\u00e9riodiquement.<\/strong><\/p>\n\n\n\n<p>Certificat m\u00e9dical obligatoire pour toute nouvelle inscription et \u00e0 renouveler tous les 3 ans.<\/p>\n\n\n\n<iframe id=\"haWidget\" allowtransparency=\"true\" src=\"https:\/\/www.helloasso.com\/associations\/bambin-eau-vendome\/adhesions\/formulaire-de-pre-inscription-bambin-eau-vendome-2\/widget-vignette\" style=\"width:100%; height:720px; border:none; background-color:transparent;\"><\/iframe>\n\n\n\n<p class=\"has-text-align-left\"><span style=\"color: #008080;\"><strong>Documents \u00e0 t\u00e9l\u00e9charger :<\/strong><\/span><\/p>\n\n\n\n<ul>\n<li><a href=\"https:\/\/asso.bambineauvendome.fr\/wordpress\/wp-content\/uploads\/2025\/06\/Questionnaire-de-sante-2025-2026.pdf\" target=\"_blank\" rel=\"noreferrer noopener\">Questionnaire sant\u00e9 &#8211; Saison 2025\/2026<\/a><\/li>\n<\/ul>\n","protected":false},"excerpt":{"rendered":"<p>Saison 2025 &#8211; 2026 Inscriptions possibles en cours d&rsquo;ann\u00e9e \u00e0 tarif d\u00e9gressif, le formulaire d&rsquo;adh\u00e9sion sera mise \u00e0 jour p\u00e9riodiquement. Certificat m\u00e9dical obligatoire pour toute nouvelle inscription et \u00e0 renouveler tous les 3 ans. Documents \u00e0 t\u00e9l\u00e9charger :<\/p>\n","protected":false},"author":1,"featured_media":0,"parent":0,"menu_order":3,"comment_status":"closed","ping_status":"closed","template":"","meta":[],"_links":{"self":[{"href":"https:\/\/asso.bambineauvendome.fr\/wordpress\/wp-json\/wp\/v2\/pages\/107"}],"collection":[{"href":"https:\/\/asso.bambineauvendome.fr\/wordpress\/wp-json\/wp\/v2\/pages"}],"about":[{"href":"https:\/\/asso.bambineauvendome.fr\/wordpress\/wp-json\/wp\/v2\/types\/page"}],"author":[{"embeddable":true,"href":"https:\/\/asso.bambineauvendome.fr\/wordpress\/wp-json\/wp\/v2\/users\/1"}],"replies":[{"embeddable":true,"href":"https:\/\/asso.bambineauvendome.fr\/wordpress\/wp-json\/wp\/v2\/comments?post=107"}],"version-history":[{"count":77,"href":"https:\/\/asso.bambineauvendome.fr\/wordpress\/wp-json\/wp\/v2\/pages\/107\/revisions"}],"predecessor-version":[{"id":21271,"href":"https:\/\/asso.bambineauvendome.fr\/wordpress\/wp-json\/wp\/v2\/pages\/107\/revisions\/21271"}],"wp:attachment":[{"href":"https:\/\/asso.bambineauvendome.fr\/wordpress\/wp-json\/wp\/v2\/media?parent=107"}],"curies":[{"name":"wp","href":"https:\/\/api.w.org\/{rel}","templated":true}]}}