{"id":92,"date":"2016-08-17T17:09:33","date_gmt":"2016-08-17T16:09:33","guid":{"rendered":"http:\/\/192.168.1.49\/wordpress\/?page_id=92"},"modified":"2026-02-09T19:07:20","modified_gmt":"2026-02-09T18:07:20","slug":"lassociation","status":"publish","type":"page","link":"https:\/\/asso.bambineauvendome.fr\/wordpress\/lassociation\/","title":{"rendered":"L&rsquo;association"},"content":{"rendered":"<p style=\"text-align: center;\"><img decoding=\"async\" loading=\"lazy\" class=\"aligncenter wp-image-529 size-medium\" src=\"http:\/\/asso.bambineauvendome.fr\/wordpress\/wp-content\/uploads\/2018\/08\/ND-LogoWebSansFond-231x300.png\" alt=\"\" width=\"231\" height=\"300\" srcset=\"https:\/\/asso.bambineauvendome.fr\/wordpress\/wp-content\/uploads\/2018\/08\/ND-LogoWebSansFond-231x300.png 231w, https:\/\/asso.bambineauvendome.fr\/wordpress\/wp-content\/uploads\/2018\/08\/ND-LogoWebSansFond.png 591w\" sizes=\"(max-width: 231px) 100vw, 231px\" \/><\/p>\n<p style=\"text-align: left;\">Retrouvez toutes les informations concernant notre association :<\/p>\n<ul>\n<li style=\"text-align: left;\"><a href=\"https:\/\/asso.bambineauvendome.fr\/wordpress\/lassociation\/informations\/\">Qui sommes-nous?<\/a><\/li>\n<li style=\"text-align: left;\"><a href=\"https:\/\/asso.bambineauvendome.fr\/wordpress\/inscriptions\/\">Inscriptions et tarifs<\/a><\/li>\n<li style=\"text-align: left;\"><a href=\"https:\/\/asso.bambineauvendome.fr\/wordpress\/calendrier\/\">Calendrier des s\u00e9ances<\/a><\/li>\n<li style=\"text-align: left;\"><a href=\"https:\/\/asso.bambineauvendome.fr\/wordpress\/lassociation\/membres-du-bureau\/\">Les membres du bureau<\/a><\/li>\n<\/ul>\n<p>Ainsi que toutes nos activit\u00e9s :<\/p>\n<ul>\n<li><a href=\"https:\/\/asso.bambineauvendome.fr\/wordpress\/2026\/02\/09\/bebes-nageurs\/\">B\u00e9b\u00e9s nageurs<\/a><\/li>\n<li>Femmes enceintes &#8211; activit\u00e9 actuellement arr\u00eat\u00e9e<\/li>\n<\/ul>\n<p><img decoding=\"async\" loading=\"lazy\" class=\"wp-image-233 alignleft\" src=\"http:\/\/asso.bambineauvendome.fr\/wordpress\/wp-content\/uploads\/2016\/09\/icone_facebook.png\" alt=\"icone_facebook\" width=\"40\" height=\"40\" srcset=\"https:\/\/asso.bambineauvendome.fr\/wordpress\/wp-content\/uploads\/2016\/09\/icone_facebook.png 325w, https:\/\/asso.bambineauvendome.fr\/wordpress\/wp-content\/uploads\/2016\/09\/icone_facebook-150x150.png 150w, https:\/\/asso.bambineauvendome.fr\/wordpress\/wp-content\/uploads\/2016\/09\/icone_facebook-300x300.png 300w\" sizes=\"(max-width: 40px) 100vw, 40px\" \/><a href=\"https:\/\/www.facebook.com\/bambineauvendome\">Retrouvez-nous sur notre page Facebook et suivez toute notre actualit\u00e9 !<\/a><\/p>\n","protected":false},"excerpt":{"rendered":"<p>Retrouvez toutes les informations concernant notre association : Qui sommes-nous? Inscriptions et tarifs Calendrier des s\u00e9ances Les membres du bureau Ainsi que toutes nos activit\u00e9s : B\u00e9b\u00e9s nageurs Femmes enceintes &#8211; activit\u00e9 actuellement arr\u00eat\u00e9e Retrouvez-nous sur notre page Facebook et suivez toute notre actualit\u00e9 !<\/p>\n","protected":false},"author":1,"featured_media":0,"parent":0,"menu_order":1,"comment_status":"closed","ping_status":"closed","template":"","meta":[],"_links":{"self":[{"href":"https:\/\/asso.bambineauvendome.fr\/wordpress\/wp-json\/wp\/v2\/pages\/92"}],"collection":[{"href":"https:\/\/asso.bambineauvendome.fr\/wordpress\/wp-json\/wp\/v2\/pages"}],"about":[{"href":"https:\/\/asso.bambineauvendome.fr\/wordpress\/wp-json\/wp\/v2\/types\/page"}],"author":[{"embeddable":true,"href":"https:\/\/asso.bambineauvendome.fr\/wordpress\/wp-json\/wp\/v2\/users\/1"}],"replies":[{"embeddable":true,"href":"https:\/\/asso.bambineauvendome.fr\/wordpress\/wp-json\/wp\/v2\/comments?post=92"}],"version-history":[{"count":31,"href":"https:\/\/asso.bambineauvendome.fr\/wordpress\/wp-json\/wp\/v2\/pages\/92\/revisions"}],"predecessor-version":[{"id":21215,"href":"https:\/\/asso.bambineauvendome.fr\/wordpress\/wp-json\/wp\/v2\/pages\/92\/revisions\/21215"}],"wp:attachment":[{"href":"https:\/\/asso.bambineauvendome.fr\/wordpress\/wp-json\/wp\/v2\/media?parent=92"}],"curies":[{"name":"wp","href":"https:\/\/api.w.org\/{rel}","templated":true}]}}